ber?
False
Suppose -3*a + 11 = s, 0 + 1 = 5*s - 3*a. Suppose -s*o + 82 = -o + v, -5*v = 3*o - 256. Is o prime?
False
Let j(s) = -17 + 14*s**2 + 22*s + 0*s**3 - 3*s**3 + 4*s**3 - 27*s. Is j(-12) composite?
False
Let k = 201 - 74. Is k a prime number?
True
Let m = 6 + -2. Suppose 22 + 6 = m*a. Is a a prime number?
True
Let n(j) be the second derivative of -13*j**3/6 + j**2 - 3*j. Let r be n(-6). Let d = 115 - r. Is d a composite number?
True
Let v = -1100 + 1629. Is v a composite number?
True
Let y(x) = 2*x**2 + 24*x - 7. Is y(-14) a prime number?
False
Suppose 3*h = 29 + 1. Is (-25)/h*(-708)/10 a composite number?
True
Let l(r) = r**3 + 3*r**2 + r - 2. Let x be l(-2). Let p(v) = -v**3 + v**2 + 135. Let i be p(x). Let k = i - 56. Is k composite?
False
Let z(x) = -x**3 - 6 - 7*x - 1 - x**3 - 8*x**2 - 1. Is z(-6) a composite number?
True
Let w = 354 + -206. Let i = w - 69. Is i a composite number?
False
Suppose j - 6*c = -2*c + 380, -j = -c - 374. Suppose 6*l - j = 2*l. Suppose -2*r + l = r. Is r prime?
True
Let c(p) = -19*p**3 - 2*p**2 - 3*p + 5. Is c(-4) a composite number?
False
Suppose 0 = 14*x - 0*x - 12418. Is x a prime number?
True
Let f(g) = -24*g - 6. Let h(d) = -d - 1. Let n(m) = -f(m) + 5*h(m). Is n(4) a composite number?
True
Let q(r) = r**3 - 3*r**2 - 5*r + 3. Let d be q(4). Let n = 13 - 15. Is d/((-3)/(-66)*n) a composite number?
False
Suppose a + 5204 = 3*w, -4*w = -w - 5*a - 5200. Is w a prime number?
False
Let s(x) = -x + 83. Let h(k) = -k**2 + 4*k - 3. Let y = 11 - 8. Let b be h(y). Is s(b) a composite number?
False
Suppose -4*p - 4*j + 32 - 4 = 0, 6 = 3*j. Suppose -q + 0*q - 21 = -p*d, 0 = -4*d + 20. Is 6/q + (-599)/(-2) prime?
False
Suppose -555 = 6*f - 9*f. Is f composite?
True
Suppose 2*u = 2400 - 314. Is u composite?
True
Suppose 5*o - 4039 = 1696. Is o a prime number?
False
Let g(k) = 8*k + 5. Let j = 9 - 5. Is g(j) a prime number?
True
Let a(i) = 2*i**3 - 3*i**2 - 5. Let r be a(-4). Is (4 - r) + 1 + 1 prime?
False
Suppose 3*s = 8*s. Suppose 942 = 6*u - s*u. Is u a composite number?
False
Let y(t) = -6*t. Let a be y(-1). Suppose -2*b - 2 + a = z, -2*z + 13 = 3*b. Suppose -s - z = 2*v - 84, -2*v - 2*s = -70. Is v prime?
False
Suppose 162 = 3*l - 123. Let f = -229 + l. Let y = -49 - f. Is y a composite number?
True
Suppose -2*a - 13 = -a. Let w = -22 - 1. Let s = a - w. Is s a prime number?
False
Suppose -b = -5*l - 22, 8 = -5*l - 7. Suppose 4*g + 3*q - b = 2*q, g - 3*q - 5 = 0. Suppose g*o + 3*k - 133 = -2*o, 5*o - 170 = -5*k. Is o composite?
False
Let q(y) = -5*y + 2. Let o(l) = l**2 - 6*l + 1. Let h(v) = 3*o(v) - 4*q(v). Is h(-4) prime?
False
Suppose -593 = -3*f + j, -f + 0*f = -2*j - 201. Suppose -5*y + 238 = -f. Is y prime?
False
Suppose -4*t + 2 - 10 = 0, 3*y - 389 = 4*t. Is y composite?
False
Suppose 4*o - 7 = 141. Let t be (-2 - 4/(-2))/2. Suppose t = -0*u - u + o. Is u a composite number?
False
Let g(d) = 31*d - 16. Is g(9) composite?
False
Let p = -10 - -43. Let t be (-2)/(-6) + (-290)/15. Let z = t + p. Is z a composite number?
True
Suppose 4*x - 4*j + 0*j = 3440, -2*x - j = -1729. Is x a composite number?
False
Let f be (3/6*0)/(-3). Suppose -3*g = -f*g - 4*k + 1341, 5*g + 2235 = 2*k. Is (-3)/((-18)/g)*-2 composite?
False
Let u(s) = -s**2 + 7*s - 2. Let v be u(6). Suppose -3*c + 0 = v*q - 10, 2*c - 3*q = -16. Is c*(-393)/6 + 2 composite?
True
Let w(c) = 3*c - c - 144*c**3 - 3*c. Is w(-1) a composite number?
True
Let k(b) = -70*b + 5. Let z be k(8). Let o = 825 + z. Suppose 0 = -3*i + o + 3. Is i prime?
False
Let s be 1 + 3 + (-2)/(-2). Suppose s*w = -0*x + 3*x + 354, -5*x = 15. Is w a prime number?
False
Let o(s) = 2*s**2 + 29*s + 78. Is o(-17) a prime number?
True
Let b be 1 + 1 - (-24)/3. Suppose -5*q - 20 = 2*x, -10 - 25 = 5*x + 5*q. Is (18/x)/((-4)/b) composite?
True
Let a(r) = 36*r**2 - r - 4. Is a(3) composite?
False
Suppose 6840 = 6*b - b. Let j = b - 959. Is j prime?
True
Suppose -3*b = -16*b + 43537. Is b composite?
True
Let b be 1*(419 - (-1 - -3)). Suppose 5*c - 741 = -4*d, 3*c - 31 = d + b. Is c a composite number?
False
Let x = -3 - -3. Suppose -3*j = -3*o + 2*j + 19, x = 3*o + 5*j + 1. Suppose -c - 6 = -4*p - p, c = o*p - 2. Is p prime?
True
Suppose 0*b + 3*b = 225. Suppose -6 - 49 = -i. Suppose -5*o + i = 2*n + 10, 2*n - o - b = 0. Is n a composite number?
True
Suppose 4 + 4 = 4*s. Suppose -s*x + x = -128. Suppose -c - x = -4*p, -3*p + 2*c + 6 = -85. Is p a prime number?
False
Suppose n + 650 = -n. Let s = n + 548. Is s prime?
True
Let z(b) = b**2 - b + 123. Is z(0) prime?
False
Let f be -3*-3*30/27. Suppose 7*n + 141 = f*n. Is n a composite number?
False
Let y = -56 - -93. Is y a prime number?
True
Let j be (-1 + 1)/2 - 1. Let t(r) = -204*r - 1. Is t(j) a prime number?
False
Let z(p) be the third derivative of -p**4/24 + p**3/3 + 4*p**2. Let t be z(-4). Let w(m) = m**3 - 5*m**2 + 2*m + 1. Is w(t) prime?
False
Is 1/(-2) + (-8223)/(-2) a prime number?
True
Suppose 6*u + 4 = 2*u - n, -4*u - 4*n + 8 = 0. Let s = u + 4. Is (-1803)/(-27) + s/9 composite?
False
Suppose 3 = -s + 7. Suppose -s*z - 131 - 555 = -5*c, -2*z = 8. Is c a prime number?
False
Let o(d) = -d**2 - 40*d + 30. Is o(-27) a composite number?
True
Suppose -2*f + 2*l = 14, 6*f + 27 = f + l. Let d = f - -8. Suppose -t = -w - w + 26, 0 = 4*w + d*t - 32. Is w composite?
False
Suppose 2286 = 8*i - 2*i. Is i a composite number?
True
Let j = 144 - 16. Let x = j - -21. Is x a composite number?
False
Suppose -4*f - 36 = -6*f. Suppose -4*y + 21 = 3*g, -g + 18 = 2*g + 3*y. Let c = f - g. Is c prime?
False
Let j be (-2)/(-6) + 5/(-15). Suppose j*w - 3*w = -147. Is w a composite number?
True
Let p be 14/(-21) - (-11660)/(-6). Is (2 - p)*2/4 a prime number?
False
Suppose -11*p + 382 = -9*p. Is p prime?
True
Is (18/15)/(2/55) prime?
False
Let k = -40 + 117. Is (k/(-14))/(2/(-4)) composite?
False
Let r(h) be the second derivative of 0 + h - 1/12*h**4 - 5/3*h**3 - 3*h**2. Is r(-7) a composite number?
True
Is -2 + 405*((-8)/12 - -2) a composite number?
True
Let r(i) be the first derivative of -i**4/4 - 11*i**3/3 - 3*i**2/2 + 1. Is r(-11) prime?
False
Let c(v) = v**2 + 5*v + 3. Suppose n + 7 = -3. Is c(n) a composite number?
False
Suppose -3*b = 4*w - 1052, -2*w = -3*w + 5*b + 240. Suppose 0 = -3*t + d + w, -2*t = -7*d + 2*d - 195. Is t a prime number?
False
Let t(o) = -4*o - 2. Suppose -5*v + 2*v - 6 = 0. Let c be t(v). Is ((-212)/12)/((-2)/c) a composite number?
False
Let n(o) = -5*o**3 - 2*o**2 + o - 1. Let w = 4 + -7. Is n(w) a composite number?
False
Let f(a) = -101*a + 1. Let q be f(-1). Suppose y + y = q. Is y a composite number?
True
Let c = 9 + -6. Suppose 132 + 297 = c*g. Is g prime?
False
Suppose 3 = -4*x - 9, s - 14 = 3*x. Suppose -317 = -4*z - 3*y, s*z - y - 178 = 204. Is z a composite number?
True
Let z be -5*1/((-10)/6). Let o(p) = -2*p + z*p + 39 + 0*p. Is o(0) a composite number?
True
Suppose -101 = -3*b + s, -2*s + 195 = 3*b + 82. Let h be b + (0 - 2) + 1. Suppose 0 = 4*y - 26 - h. Is y a prime number?
False
Suppose 0 = -2*w - x + 25, x + x = -6. Let k(a) = 3*a - 16. Is k(w) a composite number?
True
Suppose 0*p - 2*p + 8 = 0. Suppose 0 = -p*k + 179 + 161. Is k a prime number?
False
Let i(m) = m**3 + 28*m**2 + 12*m + 5. Is i(-18) prime?
False
Suppose -3*j = -10*j + 2009. Is j prime?
False
Suppose -2*t = -3*n - 2*n + 620, t = -5. Let z = n - 55. Is z composite?
False
Suppose 0 = -3*d - 4*p - 1 + 3, -2*d = p - 3. Suppose 3*f = 3*o + 4*f - 100, -f = d*o - 66. Is o composite?
True
Suppose 3*y - 56 = -y. Suppose 2 + y = 4*z. Suppose -3*q + 0*h = 4*h - 73, 0 = z*q + 5*h - 96. Is q prime?
True
Let q = -44 + 171. Is q a prime number?
True
Suppose -4*k - 5*l = -0*k - 5452, -5*l = 0. Is k a prime number?
False
Suppose -v - 2*z = 5, 10 = -v - 4*z - 5. Is (v/10)/(2/76) prime?
True
Is ((-268)/(-2))/(4/2) prime?
True
Suppose 4*m - 206 = 1150. Is m a composite number?
True
Suppose -2*n = -149 + 21. Suppose -2*a = -k - n, 2*a - 3*k = -2*a + 130. Is a a prime number?
True
Suppose -93 = 2*g - 3*g. Is g a composite number?
True
Let h(p) = 44*p + 5. Let u be h(7). Let m = -76 + u. Is m prime?
False
Let a(n) = n - 2. Let b be a(5). Let i = b + -1. Suppose 5*j - 178 = -4*p, j + 5*p - i*p = 40. Is j prime?
False
Let c be -501*(10/(-6) + 2). Let s = c - -6. Is